{"id":15003,"date":"2024-07-30T18:03:37","date_gmt":"2024-07-30T16:03:37","guid":{"rendered":"https:\/\/aassdn.org\/amicale\/?page_id=15003"},"modified":"2024-07-30T18:58:36","modified_gmt":"2024-07-30T16:58:36","slug":"recevoir-les-lettres-dinformation","status":"publish","type":"page","link":"https:\/\/aassdn.org\/amicale\/recevoir-les-lettres-dinformation\/","title":{"rendered":"Recevoir les lettres d&#8217;information"},"content":{"rendered":"\n<p>L\u2019AASSDN publie ou relaie des lettres d\u2019informations sur des th\u00e8mes li\u00e9es \u00e0 l\u2019histoire des services de renseignement et \u00e0 la souverainet\u00e9.<\/p>\n\n\n\n<div class=\"wp-block-columns is-layout-flex wp-container-core-columns-is-layout-9d6595d7 wp-block-columns-is-layout-flex\">\n<div class=\"wp-block-column is-layout-flow wp-block-column-is-layout-flow\" style=\"flex-basis:20%\"><\/div>\n\n\n\n<div class=\"wp-block-column is-vertically-aligned-center is-layout-flow wp-block-column-is-layout-flow\" style=\"flex-basis:60%\">Selectionnez vos abonnements par email : <script type=\"text\/javascript\">\n                window.addEventListener('DOMContentLoaded', (event) => {\nacymModule['excludeValuesformAcym10371'] = [];\nacymModule[\"excludeValuesformAcym10371\"][\"1\"] = \"Nom\";\nacymModule[\"excludeValuesformAcym10371\"][\"2\"] = \"E-mail\";  });\n                <\/script>\t<div class=\"acym_module \" id=\"acym_module_formAcym10371\">\n\t\t<div class=\"acym_fulldiv\" id=\"acym_fulldiv_formAcym10371\" >\n\t\t\t<form enctype=\"multipart\/form-data\"\n\t\t\t\t  id=\"formAcym10371\"\n\t\t\t\t  name=\"formAcym10371\"\n\t\t\t\t  method=\"POST\"\n\t\t\t\t  action=\"https:\/\/aassdn.org\/amicale\/index.php?page=acymailing_front&ctrl=frontusers&noheader=1\"\n\t\t\t\t  onsubmit=\"return submitAcymForm('subscribe','formAcym10371')\">\n\t\t\t\t<div class=\"acym_module_form\">\n                    <div class=\"acym_lists\">\n            <div class=\"onelist\">\n            \t<input type=\"checkbox\" class=\"acym_checkbox\" name=\"subscription[]\" id=\"acylist_1_formAcym10371\"  value=\"1\"\/>\n                <label for=\"acylist_1_formAcym10371\">Newsletter priv\u00e9e<\/label>\n            <\/div>\n            <div class=\"onelist\">\n            \t<input type=\"checkbox\" class=\"acym_checkbox\" name=\"subscription[]\" id=\"acylist_5_formAcym10371\"  value=\"5\"\/>\n                <label for=\"acylist_5_formAcym10371\">Actualit\u00e9s<\/label>\n            <\/div>\n            <div class=\"onelist\">\n            \t<input type=\"checkbox\" class=\"acym_checkbox\" name=\"subscription[]\" id=\"acylist_6_formAcym10371\"  value=\"6\"\/>\n                <label for=\"acylist_6_formAcym10371\">Documents historiques<\/label>\n            <\/div><\/div>\n<div class=\"acym_form\">\n    <div class=\"onefield fieldacy1 acyfield_text\" id=\"field_1\"><input autocomplete=\"name\"  name=\"user[name]\" placeholder=\"Nom\" aria-label=\"Nom\" value=\"\" data-authorized-content=\"{&quot;0&quot;:&quot;all&quot;,&quot;regex&quot;:&quot;&quot;,&quot;message&quot;:&quot;Valeur incorrecte pour le champ Nom&quot;}\" type=\"text\" class=\"cell\"><div class=\"acym__field__error__block\" data-acym-field-id=\"1\"><\/div><div class=\"acym__message__invalid__field acym__color__error\" style=\"display: none;\"><i class=\"acymicon-times-circle acym__cross__invalid acym__color__error\"><\/i>Merci de remplir ce champ<\/div><\/div><div class=\"onefield fieldacy2 acyfield_text\" id=\"field_2\"><input autocomplete=\"email\" id=\"email_field_186\"  name=\"user[email]\" placeholder=\"E-mail\" aria-label=\"E-mail\" value=\"\" data-authorized-content=\"{&quot;0&quot;:&quot;all&quot;,&quot;regex&quot;:&quot;&quot;,&quot;message&quot;:&quot;Valeur incorrecte pour le champ E-mail&quot;}\" required type=\"email\" class=\"cell acym__user__edit__email\"><ul acym-data-field=\"email_field_186\" class=\"acym_email_suggestions\" style=\"display: none;\"><\/ul><div class=\"acym__field__error__block\" data-acym-field-id=\"2\"><\/div><div class=\"acym__message__invalid__field acym__color__error\" style=\"display: none;\"><i class=\"acymicon-times-circle acym__cross__invalid acym__color__error\"><\/i>Merci de remplir ce champ<\/div><\/div><div class=\"onefield acym_email_confirmation_field acyfield_text\"><input id=\"email_confirmation_field_171\" \n                         \n                        required \n                        type=\"email\" \n                        class=\"cell acym__user__edit__email\" \n                        name=\"user[email_confirmation]\" \n                        placeholder=\"Confirmation par e-mail\" \/><span class=\"acym__field__error__block\"><\/span><span class=\"acym__message__invalid__field acym__color__error\" style=\"display: none;\"><i class=\"acymicon-times-circle acym__cross__invalid acym__color__error\"><\/i>Merci de remplir ce champ<\/span><\/div><div class=\"onefield fieldacycaptcha\" id=\"field_captcha_formAcym10371\"><script type=\"text\/javascript\" src=\"https:\/\/www.google.com\/recaptcha\/api.js?render=explicit&hl=fr\" async defer><\/script><div id=\"formAcym10371-captcha\" data-size=\"invisible\" class=\"acyg-recaptcha\" data-sitekey=\"6LftIwMdAAAAAJ7XwsEc6WZlc5PNYJF9Gf2vyUE6\"data-captchaname=\"acym_ireCaptcha\"><\/div><\/div><\/div>\n\n<p class=\"acysubbuttons\">\n\t<noscript>\n        Veuillez activer le javascript pour envoyer ce formulaire\t<\/noscript>\n    \t<button type=\"submit\"\n\t\t\tclass=\"btn btn-primary button subbutton\"\n\t\t\tonclick=\"try{ return submitAcymForm(&quot;subscribe&quot;,&quot;formAcym10371&quot;, &quot;acymSubmitSubForm&quot;); }catch(err){alert(&quot;The form could not be submitted &quot;+err);return false;}\">\n        S&#039;inscrire\t<\/button>\n    <\/p>\n\t\t\t\t<\/div>\n\n\t\t\t\t<input type=\"hidden\" name=\"ctrl\" value=\"frontusers\" \/>\n\t\t\t\t<input type=\"hidden\" name=\"task\" value=\"notask\" \/>\n\t\t\t\t<input type=\"hidden\" name=\"option\" value=\"acymailing\" \/>\n\n                \t\t\t\t<input type=\"hidden\" name=\"ajax\" value=\"1\" \/>\n\t\t\t\t<input type=\"hidden\" name=\"successmode\" value=\"toptemp\" \/>\n\t\t\t\t<input type=\"hidden\" name=\"acy_source\" value=\"gutenberg_subscription_form\" \/>\n\t\t\t\t<input type=\"hidden\" name=\"hiddenlists\" value=\"\" \/>\n\t\t\t\t<input type=\"hidden\" name=\"acyformname\" value=\"formAcym10371\" \/>\n\t\t\t\t<input type=\"hidden\" name=\"acysubmode\" value=\"widget_acym\" \/>\n\t\t\t\t<input type=\"hidden\" name=\"confirmation_message\" value=\"\" \/>\n\n                \t\t\t<\/form>\n\t\t<\/div>\n\t<\/div>\n    <\/div>\n\n\n\n<div class=\"wp-block-column is-layout-flow wp-block-column-is-layout-flow\" style=\"flex-basis:20%\"><\/div>\n<\/div>\n","protected":false},"excerpt":{"rendered":"<p>L\u2019AASSDN publie ou relaie des lettres d\u2019informations sur des th\u00e8mes li\u00e9es \u00e0 l\u2019histoire des services de renseignement et \u00e0 la souverainet\u00e9.<\/p>\n","protected":false},"author":1,"featured_media":0,"parent":0,"menu_order":0,"comment_status":"closed","ping_status":"closed","template":"","meta":{"_acf_changed":false,"footnotes":""},"categories":[],"class_list":["post-15003","page","type-page","status-publish","hentry"],"acf":[],"yoast_head":"<!-- This site is optimized with the Yoast SEO plugin v27.5 - https:\/\/yoast.com\/product\/yoast-seo-wordpress\/ -->\n<title>Recevoir les lettres d&#039;information | AASSDN | Anciens et Amis des Services Sp\u00e9ciaux<\/title>\n<meta name=\"robots\" content=\"index, follow, max-snippet:-1, max-image-preview:large, max-video-preview:-1\" \/>\n<link rel=\"canonical\" href=\"https:\/\/aassdn.org\/amicale\/recevoir-les-lettres-dinformation\/\" \/>\n<meta property=\"og:locale\" content=\"fr_FR\" \/>\n<meta property=\"og:type\" content=\"article\" \/>\n<meta property=\"og:title\" content=\"Recevoir les lettres d&#039;information | AASSDN | Anciens et Amis des Services Sp\u00e9ciaux\" \/>\n<meta property=\"og:description\" content=\"L\u2019AASSDN publie ou relaie des lettres d\u2019informations sur des th\u00e8mes li\u00e9es \u00e0 l\u2019histoire des services de renseignement et \u00e0 la souverainet\u00e9.\" \/>\n<meta property=\"og:url\" content=\"https:\/\/aassdn.org\/amicale\/recevoir-les-lettres-dinformation\/\" \/>\n<meta property=\"og:site_name\" content=\"AASSDN | Anciens et Amis des Services Sp\u00e9ciaux\" \/>\n<meta property=\"article:modified_time\" content=\"2024-07-30T16:58:36+00:00\" \/>\n<meta name=\"twitter:card\" content=\"summary_large_image\" \/>\n<script type=\"application\/ld+json\" class=\"yoast-schema-graph\">{\"@context\":\"https:\\\/\\\/schema.org\",\"@graph\":[{\"@type\":\"WebPage\",\"@id\":\"https:\\\/\\\/aassdn.org\\\/amicale\\\/recevoir-les-lettres-dinformation\\\/\",\"url\":\"https:\\\/\\\/aassdn.org\\\/amicale\\\/recevoir-les-lettres-dinformation\\\/\",\"name\":\"Recevoir les lettres d'information | AASSDN | Anciens et Amis des Services Sp\u00e9ciaux\",\"isPartOf\":{\"@id\":\"https:\\\/\\\/aassdn.org\\\/amicale\\\/#website\"},\"datePublished\":\"2024-07-30T16:03:37+00:00\",\"dateModified\":\"2024-07-30T16:58:36+00:00\",\"breadcrumb\":{\"@id\":\"https:\\\/\\\/aassdn.org\\\/amicale\\\/recevoir-les-lettres-dinformation\\\/#breadcrumb\"},\"inLanguage\":\"fr-FR\",\"potentialAction\":[{\"@type\":\"ReadAction\",\"target\":[\"https:\\\/\\\/aassdn.org\\\/amicale\\\/recevoir-les-lettres-dinformation\\\/\"]}]},{\"@type\":\"BreadcrumbList\",\"@id\":\"https:\\\/\\\/aassdn.org\\\/amicale\\\/recevoir-les-lettres-dinformation\\\/#breadcrumb\",\"itemListElement\":[{\"@type\":\"ListItem\",\"position\":1,\"name\":\"Accueil\",\"item\":\"https:\\\/\\\/aassdn.org\\\/amicale\\\/\"},{\"@type\":\"ListItem\",\"position\":2,\"name\":\"Recevoir les lettres d&#8217;information\"}]},{\"@type\":\"WebSite\",\"@id\":\"https:\\\/\\\/aassdn.org\\\/amicale\\\/#website\",\"url\":\"https:\\\/\\\/aassdn.org\\\/amicale\\\/\",\"name\":\"AASSDN | Anciens et Amis des Services Sp\u00e9ciaux\",\"description\":\"Services sp\u00e9ciaux : Des h\u00e9ros anonymes au service exclusif de la France\",\"publisher\":{\"@id\":\"https:\\\/\\\/aassdn.org\\\/amicale\\\/#organization\"},\"potentialAction\":[{\"@type\":\"SearchAction\",\"target\":{\"@type\":\"EntryPoint\",\"urlTemplate\":\"https:\\\/\\\/aassdn.org\\\/amicale\\\/?s={search_term_string}\"},\"query-input\":{\"@type\":\"PropertyValueSpecification\",\"valueRequired\":true,\"valueName\":\"search_term_string\"}}],\"inLanguage\":\"fr-FR\"},{\"@type\":\"Organization\",\"@id\":\"https:\\\/\\\/aassdn.org\\\/amicale\\\/#organization\",\"name\":\"AASSDN | Anciens et Amis des Services Sp\u00e9ciaux\",\"url\":\"https:\\\/\\\/aassdn.org\\\/amicale\\\/\",\"logo\":{\"@type\":\"ImageObject\",\"inLanguage\":\"fr-FR\",\"@id\":\"https:\\\/\\\/aassdn.org\\\/amicale\\\/#\\\/schema\\\/logo\\\/image\\\/\",\"url\":\"https:\\\/\\\/aassdn.org\\\/amicale\\\/wp-content\\\/uploads\\\/Logo_AASSDN_transparent2.png\",\"contentUrl\":\"https:\\\/\\\/aassdn.org\\\/amicale\\\/wp-content\\\/uploads\\\/Logo_AASSDN_transparent2.png\",\"width\":1832,\"height\":1609,\"caption\":\"AASSDN | Anciens et Amis des Services Sp\u00e9ciaux\"},\"image\":{\"@id\":\"https:\\\/\\\/aassdn.org\\\/amicale\\\/#\\\/schema\\\/logo\\\/image\\\/\"}}]}<\/script>\n<!-- \/ Yoast SEO plugin. -->","yoast_head_json":{"title":"Recevoir les lettres d'information | AASSDN | Anciens et Amis des Services Sp\u00e9ciaux","robots":{"index":"index","follow":"follow","max-snippet":"max-snippet:-1","max-image-preview":"max-image-preview:large","max-video-preview":"max-video-preview:-1"},"canonical":"https:\/\/aassdn.org\/amicale\/recevoir-les-lettres-dinformation\/","og_locale":"fr_FR","og_type":"article","og_title":"Recevoir les lettres d'information | AASSDN | Anciens et Amis des Services Sp\u00e9ciaux","og_description":"L\u2019AASSDN publie ou relaie des lettres d\u2019informations sur des th\u00e8mes li\u00e9es \u00e0 l\u2019histoire des services de renseignement et \u00e0 la souverainet\u00e9.","og_url":"https:\/\/aassdn.org\/amicale\/recevoir-les-lettres-dinformation\/","og_site_name":"AASSDN | Anciens et Amis des Services Sp\u00e9ciaux","article_modified_time":"2024-07-30T16:58:36+00:00","twitter_card":"summary_large_image","schema":{"@context":"https:\/\/schema.org","@graph":[{"@type":"WebPage","@id":"https:\/\/aassdn.org\/amicale\/recevoir-les-lettres-dinformation\/","url":"https:\/\/aassdn.org\/amicale\/recevoir-les-lettres-dinformation\/","name":"Recevoir les lettres d'information | AASSDN | Anciens et Amis des Services Sp\u00e9ciaux","isPartOf":{"@id":"https:\/\/aassdn.org\/amicale\/#website"},"datePublished":"2024-07-30T16:03:37+00:00","dateModified":"2024-07-30T16:58:36+00:00","breadcrumb":{"@id":"https:\/\/aassdn.org\/amicale\/recevoir-les-lettres-dinformation\/#breadcrumb"},"inLanguage":"fr-FR","potentialAction":[{"@type":"ReadAction","target":["https:\/\/aassdn.org\/amicale\/recevoir-les-lettres-dinformation\/"]}]},{"@type":"BreadcrumbList","@id":"https:\/\/aassdn.org\/amicale\/recevoir-les-lettres-dinformation\/#breadcrumb","itemListElement":[{"@type":"ListItem","position":1,"name":"Accueil","item":"https:\/\/aassdn.org\/amicale\/"},{"@type":"ListItem","position":2,"name":"Recevoir les lettres d&#8217;information"}]},{"@type":"WebSite","@id":"https:\/\/aassdn.org\/amicale\/#website","url":"https:\/\/aassdn.org\/amicale\/","name":"AASSDN | Anciens et Amis des Services Sp\u00e9ciaux","description":"Services sp\u00e9ciaux : Des h\u00e9ros anonymes au service exclusif de la France","publisher":{"@id":"https:\/\/aassdn.org\/amicale\/#organization"},"potentialAction":[{"@type":"SearchAction","target":{"@type":"EntryPoint","urlTemplate":"https:\/\/aassdn.org\/amicale\/?s={search_term_string}"},"query-input":{"@type":"PropertyValueSpecification","valueRequired":true,"valueName":"search_term_string"}}],"inLanguage":"fr-FR"},{"@type":"Organization","@id":"https:\/\/aassdn.org\/amicale\/#organization","name":"AASSDN | Anciens et Amis des Services Sp\u00e9ciaux","url":"https:\/\/aassdn.org\/amicale\/","logo":{"@type":"ImageObject","inLanguage":"fr-FR","@id":"https:\/\/aassdn.org\/amicale\/#\/schema\/logo\/image\/","url":"https:\/\/aassdn.org\/amicale\/wp-content\/uploads\/Logo_AASSDN_transparent2.png","contentUrl":"https:\/\/aassdn.org\/amicale\/wp-content\/uploads\/Logo_AASSDN_transparent2.png","width":1832,"height":1609,"caption":"AASSDN | Anciens et Amis des Services Sp\u00e9ciaux"},"image":{"@id":"https:\/\/aassdn.org\/amicale\/#\/schema\/logo\/image\/"}}]}},"_links":{"self":[{"href":"https:\/\/aassdn.org\/amicale\/wp-json\/wp\/v2\/pages\/15003","targetHints":{"allow":["GET"]}}],"collection":[{"href":"https:\/\/aassdn.org\/amicale\/wp-json\/wp\/v2\/pages"}],"about":[{"href":"https:\/\/aassdn.org\/amicale\/wp-json\/wp\/v2\/types\/page"}],"author":[{"embeddable":true,"href":"https:\/\/aassdn.org\/amicale\/wp-json\/wp\/v2\/users\/1"}],"replies":[{"embeddable":true,"href":"https:\/\/aassdn.org\/amicale\/wp-json\/wp\/v2\/comments?post=15003"}],"version-history":[{"count":0,"href":"https:\/\/aassdn.org\/amicale\/wp-json\/wp\/v2\/pages\/15003\/revisions"}],"wp:attachment":[{"href":"https:\/\/aassdn.org\/amicale\/wp-json\/wp\/v2\/media?parent=15003"}],"wp:term":[{"taxonomy":"category","embeddable":true,"href":"https:\/\/aassdn.org\/amicale\/wp-json\/wp\/v2\/categories?post=15003"}],"curies":[{"name":"wp","href":"https:\/\/api.w.org\/{rel}","templated":true}]}}